g*q - 110 = -2*m - 43. Let x = q + 0. What is the remainder when 25 is divided by x?
12
Suppose -5*d + 49 = 2*y, -3*y - 3*d = d - 63. Let b(j) = -j**2 - 7*j + 1. What is the remainder when 8 - 6 - (0 - y) is divided by b(-6)?
5
Suppose 160 = 3*w - 2*k - 12, 4*k = -5*w + 294. Let m = -41 + w. Suppose -3*j + 28 = z, 3*j - 2*j = -z + 10. Calculate the remainder when m is divided by j.
8
Let r(z) = 2*z - 2. Let l be r(2). Suppose 0 = k - l*k + 7. Suppose x - k - 5 = 0. What is the remainder when 23 is divided by x?
11
Let f = 353 + -347. What is the remainder when 17/((0 + -1)*-1) is divided by f?
5
Let u(q) = -4*q + 7. Let y be u(-9). Suppose 4*f + 2*p = 54, 3*f + 4*p - y = -0. What is the remainder when f is divided by 4?
1
Let b(u) be the second derivative of -u**4/12 + 7*u**3/6 + u**2 + 2*u. Calculate the remainder when 15 is divided by b(6).
7
Suppose -5 - 5 = -2*y. Calculate the remainder when 22 is divided by y.
2
Let z(a) = -a**3 + 10*a**2 + 2*a - 9. Suppose 3*o - 4*r - 10 = 0, 5*o - 70 = -4*r - 0*r. Calculate the remainder when 40 is divided by z(o).
7
Let k = 82 - 25. What is the remainder when k is divided by 29?
28
Let u(z) = 4*z**2 + 3*z + 1. Let d(j) = j**2 + 1. Let g be d(0). Let k be g*-3 - (-3 + 2). What is the remainder when 20 is divided by u(k)?
9
Calculate the remainder when 35 is divided by (-4)/6 - 58/(-6).
8
Suppose 0 = 4*h + g + 19 - 80, -3*g + 55 = 4*h. What is the remainder when 63 is divided by h?
15
Suppose 4 = -4*v, 27 = 3*d - 3*v - 18. Calculate the remainder when 25 is divided by d.
11
Let a(c) = -c**2 - 2*c + 29. Calculate the remainder when 85 is divided by a(0).
27
Suppose -5*x - 5*b + 5 = 0, 0 = 3*b + 3 - 0. Suppose -3 - 11 = -x*k. Let p = k + 9. Calculate the remainder when 46 is divided by p.
14
Let p be 3*(-1)/1 + 5. Suppose -84 = -p*y - y. Calculate the remainder when y is divided by 10.
8
Suppose -2 = -f + d, -4*f + d = -12 - 2. Let u(k) = k - 2. Suppose -7*p + 20 = -3*p. What is the remainder when p is divided by u(f)?
1
Let k = 18 - 4. Suppose 4*d = -4*i + 120, -75 = -0*d - 3*d + 2*i. What is the remainder when d is divided by k?
13
Let z be 80/14 + (-4)/(-14). Suppose -z*h + 230 = -h. Calculate the remainder when h is divided by 12.
10
Let v = 40 + 26. Suppose -h - 2*h + v = 0. Calculate the remainder when h is divided by ((-9)/1)/(6/(-8)).
10
Suppose s - 9 = -5. Calculate the remainder when 15 is divided by s.
3
Calculate the remainder when 20 is divided by (-43 - 1)*15/(-60).
9
Suppose -q + 110 = -4*o - 0*q, 0 = 4*q + 8. Let x = o - -75. Calculate the remainder when x is divided by 16.
15
What is the remainder when (-12)/(-10)*(-20)/(-8) - -49 is divided by 20?
12
Suppose -2*x + 8 = 3*a - x, -a = x. Suppose 5 = p - 5*q - 6, 5*p - q - 31 = 0. Suppose a*n + p = 146. What is the remainder when n is divided by 12?
11
Let q be 2/2*(3 - -3). Let k(v) = v**2 - 7*v + 7. Calculate the remainder when 1 is divided by k(q).
0
Let c = 32 - 25. Calculate the remainder when 8 is divided by c.
1
Let g(h) = -h**2 - 6*h - 6. Let v be g(-4). What is the remainder when 1/(v/(2*10)) is divided by 3?
1
Suppose -9 = 3*y + 4*c, 6 = -2*y + c + 4*c. Let d = y + 17. Let m = 109 - 54. Calculate the remainder when m is divided by d.
13
Let k = -120 + 232. Suppose 0 = -0*d - 4*d + k. Let x = -4 + 19. What is the remainder when d is divided by x?
13
Suppose 26 + 10 = 3*z. Suppose -q = -0*q - 4. Let b(k) = 7*k + 7. What is the remainder when b(q) is divided by z?
11
Let x = -20 + 50. What is the remainder when x is divided by 11?
8
Suppose -4*c - 5*l + 36 = 3, 0 = l - 1. Calculate the remainder when 46 is divided by c.
4
Let s(h) = -1 + 1 - h. Let o be s(-3). Suppose 5 = q + j - o*j, -4*q = 5*j - 46. Calculate the remainder when q is divided by 5.
4
What is the remainder when (-1 - 1) + 50 + 2 is divided by 17?
16
Let m(u) = u**2 + 2*u + 11. Let q = 11 + -2. What is the remainder when m(-6) is divided by q?
8
Let v(x) be the first derivative of -7*x**2/2 - x + 2. Calculate the remainder when 17 is divided by v(-1).
5
Suppose -h - 5*d = 16, -h - 2*d = -d - 4. Suppose 10 = l - h. Suppose 2*s - 22 = -2. What is the remainder when l is divided by s?
9
Let q(a) = -9*a. Let n(i) = i**3 - 10*i**2 + 13*i - 12. Let f be n(9). What is the remainder when f + ((-3)/1)/(-3) is divided by q(-1)?
7
Let x = 9 - -6. Let w = 19 + x. Calculate the remainder when w is divided by 12.
10
Suppose 3*m - 108 = -m. Let j be (6/2 + -5)*-1. Suppose 4*c + m = p, 0*p + 50 = j*p - 4*c. Calculate the remainder when 67 is divided by p.
21
Let k(a) = -2*a + 67. What is the remainder when k(0) is divided by 14?
11
Suppose -2*o = 2*d - 42, -o - 7*d + 12 = -9*d. What is the remainder when o is divided by 5?
3
What is the remainder when 82/8*-10*(-18)/15 is divided by 42?
39
Suppose o + 21 = -5. Calculate the remainder when 1885/o*(-12)/10 is divided by 18.
15
Let q(g) = g + 2*g**3 + 4*g**3 + 22 - 5*g**3. Let x be q(0). Let j = x - 11. Calculate the remainder when 19 is divided by j.
8
Let c = 21 + -5. Suppose t + h - c = 0, -t + 0*t + 1 = -2*h. What is the remainder when 1 + -30*(-1 - 0) is divided by t?
9
Let w(g) = 21*g - 45. Calculate the remainder when w(5) is divided by 16.
12
Let f = 1 + 9. Calculate the remainder when 19 is divided by f.
9
Let g = -93 - -133. Let u(l) = -4*l + 1. What is the remainder when g is divided by u(-5)?
19
Let g = -10 - -12. Suppose -g - 7 = -u. Calculate the remainder when 25 is divided by u.
7
Let p = -12 + 21. Calculate the remainder when 25 is divided by p.
7
Suppose 0*g = g - 15. What is the remainder when 73 is divided by g?
13
Suppose -3*i + 25 + 19 = 5*v, -v - i = -8. Calculate the remainder when v is divided by 2 + (-1)/(1/(-4)).
4
Let z = 4 + -1. Suppose z*o = 18 - 6. What is the remainder when 4/10 + 66/10 is divided by o?
3
Let c = 3 + -3. Suppose -4*j = -c*j + 8. What is the remainder when 2 is divided by (-2)/(-4)*-1*j?
0
Suppose -5*m = 5, -m + 2*m = k + 1. What is the remainder when 21 is divided by 2/k*-9 + 3?
9
Let r(v) = -10*v + 8. Let i be r(-6). Suppose 96 + i = 4*f. Calculate the remainder when f is divided by 11.
8
Suppose -5*n = -a + 25, 40 = -2*n + 3*a + 17. Let z be 1/6 + (-283)/6. Let y = n - z. Calculate the remainder when y is divided by 11.
10
Let x(p) = p**3 - p**2 + 3. Let u be x(0). Suppose a = -u + 4. What is the remainder when 2 is divided by a?
0
Let i(y) = y**3 - 4*y**2 + 22. What is the remainder when i(5) is divided by 10?
7
Suppose l - w + 7 - 60 = 0, -2*l + w = -109. What is the remainder when l is divided by 29?
27
Let b = 30 - 10. Let i = 303 - 108. Suppose 6*n - i = n. What is the remainder when n is divided by b?
19
Let w(s) = -s + 13. Let m be w(9). Suppose r + 5*d - m = 0, 4*r - 116 = 4*d + d. Calculate the remainder when 46 is divided by r.
22
What is the remainder when (-1365)/(-49) + (-1)/(-7) is divided by 7?
0
Let g(d) = d**3 - 11*d**2 - 12*d + 12. Calculate the remainder when 23 is divided by g(12).
11
Suppose -k + 78 = 2*k. Let d = 4 + 73. What is the remainder when d is divided by k?
25
Let z be (-10 - -5)*(-3)/(-5). Calculate the remainder when ((-33)/z + 3)/1 is divided by 8.
6
Let g = -2 + 47. Calculate the remainder when g is divided by 28.
17
Let n = 7 + -4. Suppose 2*a + 10 = -n*a. Calculate the remainder when 14 is divided by 5 + 0 + (a - -2).
4
Let m = -12 + 23. Let y(u) = u**3 + 19*u**2 + 4. What is the remainder when m is divided by y(-19)?
3
Let z = 28 - 0. Let r = 10 - 2. What is the remainder when z is divided by r?
4
Suppose 3*p - 8 = -2. Let i = p + 9. Calculate the remainder when 21 is divided by i.
10
Let w be (4 - 5)/((-1)/151). Let a = w + -92. What is the remainder when a is divided by 30?
29
Suppose -5*x - 3*q - 5 = -3, 4*q = x - 18. Calculate the remainder when 3 is divided by x.
1
Suppose -b + 10 + 1 = 0. Calculate the remainder when 41 is divided by b.
8
Let w(o) = o + 2. Let k be w(-3). Suppose -3*l - 4 = -19. What is the remainder when 14 + -7 - (k - 0) is divided by l?
3
Let s(y) = -y**3 + 5*y**2 - 3*y - 5. Let r be s(4). Let d be -5*(2*r + 1). Suppose 0 = d*m - 59 - 31. Calculate the remainder when 52 is divided by m.
16
What is the remainder when 26 is divided by (-24)/(-16)*(-32)/(-6)?
2
Let n(p) = 2*p**2 + 2*p - 6. What is the remainder when n(4) is